0, -2746 - 6515 = -3*h - 3*u. What is the units digit of h?
9
Let p = -131 - -87. Let m = p + 100. What is the units digit of m?
6
Let x = -1 + 5. Let n be (-1*x)/4 - -36. Let k = n + -12. What is the tens digit of k?
2
Suppose 2*f = 3*f - 42. Suppose -4*t = -f - 46. What is the units digit of t?
2
Suppose 3*w + f - 2 = -6, -f = -5*w - 12. Let b = w - -5. Suppose -4*t + 2*t - 4*p = 0, -p + 20 = b*t. What is the units digit of t?
8
Let p(z) = -6*z**2 + z + 1. Let d be p(-1). What is the units digit of (0 - d/(-2))*(-37)/1?
1
Suppose 6*w + 227 = -331. Let z = 8 - w. What is the hundreds digit of z?
1
Let t be ((-639)/(-12))/((-4)/(-16)). Suppose -g - 2*v + 126 = 0, 0 = g - 4*v + 75 - t. What is the tens digit of g?
3
Let q(r) = r**2 - 4*r + 8. Let x(w) = -2*w**2 + 7*w - 16. Let u(d) = -5*q(d) - 3*x(d). Let v = 0 - 0. What is the units digit of u(v)?
8
Suppose -70*o + 77302 = -171618. What is the units digit of o?
6
Let d(l) = -l - 13. Let s be d(-15). Suppose s*t - t - 4 = 0. Suppose -t*f + 5 + 11 = -2*z, 0 = -4*f + 4*z + 8. What is the units digit of f?
6
What is the units digit of 77240/125 - 4/(-50)?
8
Let c(n) = 5*n + 97. Let f be c(-19). What is the tens digit of (69/f)/((-30)/(-24))*5?
3
Suppose t = 3*x - 1787, -4*t + 2977 = 5*x - 5*t. What is the hundreds digit of x?
5
Let j = -825 + 1197. What is the hundreds digit of j?
3
Suppose -m = 3*o - 5*m - 10, 3*m = 2*o - 7. Suppose o*i + i = -30. What is the units digit of i - -7 - 60/(-2)?
7
Let n(m) = -12*m - 46. What is the units digit of n(-31)?
6
Let j = -19 - -34. Suppose 0 = 3*u + j, 2*d - 2*u = 2*u + 118. What is the units digit of d?
9
Let p(l) = -16*l + 44. What is the tens digit of p(-14)?
6
Let b = -22 + 26. Suppose 4*h = -i + h + 10, 0 = 2*h - b. Suppose -4*u + u = i*q - 225, -2*u + 55 = q. What is the tens digit of q?
5
Let n = -72 + 87. Let s = -1 - -2. Let q = n - s. What is the tens digit of q?
1
Let p(m) = 6*m + 9. Let z(c) = -c + 1. Let i(q) = p(q) + 2*z(q). What is the units digit of i(14)?
7
Let i(t) = -t**3 - 8*t**2 - 7*t - 3. Let r be i(-7). Let k(s) = -2*s**3 - 4*s**2 - 2*s - 2. What is the units digit of k(r)?
2
Let n(p) = p**3 + 13*p**2 + 23*p + 3. What is the hundreds digit of n(-9)?
1
Suppose 0 = w + 4*w. Suppose -a + z + 54 = w, -5*a + 169 = z - 89. What is the units digit of a?
2
Suppose -1 = 2*k - 3. Suppose 5*s = -u - 23, -s = 3*u - u + k. Let q = 34 + s. What is the units digit of q?
9
Let a(r) = -6*r + 2. Let h be a(-9). Let f be -2 + 1 + h/4. Suppose -15*w + f*w = -42. What is the tens digit of w?
2
Let p(w) = 14*w**2 - 3*w - 2. Let r be p(-2). Suppose -4*h + 7*h - r = 0. Let x = 50 - h. What is the tens digit of x?
3
Suppose 395 = -8*s + 10*s - 5*n, 2*s - 2*n = 392. What is the units digit of s?
5
Let u(o) = o**2 - 30*o + 65. What is the units digit of u(45)?
0
Let j(c) be the second derivative of c**5/24 + c**4/24 - 2*c**3/3 + c. Let z(y) be the second derivative of j(y). What is the units digit of z(2)?
1
What is the units digit of ((-1098)/5)/((-4)/10)?
9
What is the tens digit of ((-40)/(-8) - 0) + 2215?
2
Let z(t) = t. Let u be z(0). Suppose 86 = 5*d + 5*c + 1, 10 = -2*c. Suppose u*r = 2*r - d. What is the tens digit of r?
1
What is the units digit of (10 - 12)/((-2)/4)?
4
Let u be ((-18)/(-15)*-1)/(6/20). What is the units digit of (-398)/(-9) + ((-152)/36 - u)?
4
Suppose -f = -20 - 421. Suppose 0 = -0*b - 5*b - 4*p - 57, 5*p - 12 = 3*b. What is the units digit of (0 - 1)/(b/f)?
9
Let o(h) be the second derivative of h**3/3 - 6*h**2 - 3*h. Let s be o(7). Suppose 4*d - d = 2*x + 17, 5*x - 5 = -s*d. What is the units digit of d?
5
Suppose -t - 882 = -3*v, -4*v + 4*t + 994 = -174. What is the units digit of v?
5
What is the units digit of 2208 + (-14 - (-9 + 3))?
0
What is the hundreds digit of (8 - 5) + 3 + 585?
5
Suppose 7*x + 285 = 2455. What is the units digit of x?
0
Suppose -174*c - 24480 = -214*c. What is the units digit of c?
2
Suppose 10*p + 36 = -24. What is the hundreds digit of p/(-9)*(223 - 1)?
1
Let h(n) = n + 124. Let a be h(0). Suppose a = j + j. Suppose 0 = -4*d - 0*d - 3*z + j, 0 = -5*d + z + 87. What is the units digit of d?
7
Suppose -4786 + 334 = -6*j. What is the hundreds digit of j?
7
Suppose -2*d + 976 = -1280. What is the thousands digit of d?
1
Let j(s) = -123*s - 17. Let g(y) = 61*y + 8. Let b(p) = -13*g(p) - 6*j(p). What is the units digit of b(-1)?
3
Let d = -9 + -26. Let l = d - -58. What is the units digit of l?
3
Let u = -1024 - -1484. Suppose 0 = -4*v + 4*c + u, -4*v - 315 + 777 = -5*c. What is the units digit of v?
3
Suppose 3*x - 3 = 0, -4*s - 2*x = -7*s + 1636. What is the units digit of s?
6
Let y(p) = -40*p + 747. What is the hundreds digit of y(-16)?
3
Let l(i) be the first derivative of -33*i**4/4 - i**3/3 - i**2 - i - 12. Let r be 2/(-6) - (-2)/(-3). What is the units digit of l(r)?
3
Let i = -291 - -1331. What is the units digit of 1/(-3 + i/346)?
3
Let v be ((-6)/(-9))/(0 + 2/558). Suppose v = 3*r - 138. What is the hundreds digit of r?
1
Let l(g) = 6*g + 1506. Let r be l(0). Suppose k + r = 7*k. What is the hundreds digit of k?
2
Suppose -o = -x - 277, -2*o + 57 = 5*x - 525. Let f = o - 36. What is the hundreds digit of f?
2
Let s = 64 - 57. Suppose s*z - 2*z - 130 = 0. What is the units digit of z?
6
Suppose -3*i = 3*t - 18, 5*i - 2*t + 0 = 2. Suppose 85 = -i*a + 7*a. What is the units digit of a?
7
Suppose -5*w + 3*a + 37 = 0, -28 = -4*w - 0*w + 2*a. Suppose 0 = w*d - 3*j - 19 - 13, 5*j = -5*d. What is the units digit of d?
4
Let j(g) = 64*g + 28. What is the hundreds digit of j(7)?
4
Suppose -1629 = 5*z - 7909. What is the tens digit of z?
5
Suppose -2*n = 2*k - 14, -18 = n - k - 3*k. Suppose -9*t + n*t - 308 = 0. Let a = -13 - t. What is the units digit of a?
1
Suppose 5*j + 4*b - 1 = 0, -7 = -5*j - b + 3*b. What is the tens digit of -3*j*11/(-3)?
1
Let z(d) = d**2 + 5*d + 4. Let t be 35/21*(6 - 0). Suppose q + t = -q. What is the units digit of z(q)?
4
Suppose -12*b = -13*b + 284. What is the tens digit of b?
8
Suppose 4404 = 48*q - 45*q. What is the tens digit of q?
6
Let y = 41 + -5. What is the units digit of (y/(-10))/((-18)/420)?
4
Suppose -494*u = -491*u - 2265. What is the units digit of u?
5
Let u(r) be the third derivative of -r**6/120 + r**4/24 + r**3/3 + 10*r**2. Let q be u(-3). Suppose 23*w + 123 = q*w. What is the tens digit of w?
4
Suppose -75*o + 44*o + 57629 = 0. What is the tens digit of o?
5
Suppose 11*g - 4*g = 896. Let v = g + -20. What is the units digit of v?
8
Suppose 3*b + 15 = 0, 2*b + 23 + 47 = 5*j. Let s(f) = 3*f + 3. Let g(m) = m. Let d(v) = 5*g(v) - s(v). What is the tens digit of d(j)?
2
Let h be (-2)/(-9) + 2007/81. Suppose 5*k + 5 = m, -3*k - 3 = 2*m - 0. What is the units digit of h + -5 + 2*k?
8
What is the tens digit of 0 + 2 - (140 + 10)/(-1)?
5
Let r(i) be the third derivative of -i**4/24 + 7*i**3/6 - 2*i**2. Suppose -x = -5, -4*v + 7*v + 56 = 4*x. What is the tens digit of r(v)?
1
Suppose 2*a + 2*q = 4*q + 592, 0 = 2*a - 5*q - 598. Suppose 3*p + 60 = a. What is the units digit of p?
8
Let z(s) = 42 + 43*s**2 - 19*s + 27 - 42*s**2. What is the hundreds digit of z(23)?
1
Let p(s) = 2 + 5 - 18*s - 5 + 7. What is the tens digit of p(-11)?
0
Let c = -26 - -26. Let n(s) = 3*s**3 - s**2 + s. Let u be n(1). Suppose -u*m + 2*m + 7 = c. What is the units digit of m?
7
Let x be 50 + (0 - 3) + -2. Suppose -o + x = -92. What is the units digit of o?
7
What is the thousands digit of (-3 - -101)*(-675)/(-54)?
1
Let a(b) = -55*b - 215. What is the units digit of a(-14)?
5
Let s be 2*(16 - (-5 - -1)). What is the tens digit of ((-2)/(-6))/((s/465)/8)?
3
Let h(s) = -s**2 - 11*s + 5. Let t be h(-10). Let x(q) = q**3 - 16*q**2 + 19*q - 22. What is the tens digit of x(t)?
3
Let l be ((-3)/(-4))/(78/208). Suppose l*r - 3*g - 448 = g, -2*g = -2*r + 448. What is the units digit of r?
4
Let r(j) = 284*j + 33. What is the units digit of r(2)?
1
Let w(k) = -5*k**3 + 8*k**2 + 19*k + 14. What is the units digit of w(-4)?
6
Let h be (16 + -9)/(2/2). Suppose 0 = h*a + a. Suppose k - u - 19 = a, 5*k + u + 12 - 83 = 0. What is the units digit of k?
5
What is the tens digit of (-11)/(-11) - (-988)/(0 + 2)?
9
Suppose 0 = -5*h + 3*o + 24, h + 0*h - 10 = -2*o. Suppose h*c - 53 = 97. What is the units di